202332
-183166 (base 9) to base 4
-123303021
-17237065 (base 8) to base 11
-22a1547
Convert 748447 (base 10) to base 2.
10110110101110011111
-3333002 (base 4) to base 9
-24345
-1056227 (base 8) to base 5
-33121342
-305032 (base 9) to base 12
-88785
What is 365004 (base 8) in base 5?
13003234
-132300642 (base 7) to base 8
-40403401
34114444 (base 5) to base 15
5e3d4
Convert -523054143 (base 6) to base 5.
-4312332302
What is -b4c948 (base 14) in base 6?
-334501300
What is -1000101011111000000 (base 2) in base 10?
-284608
What is -5a921a (base 15) in base 7?
-51560332
What is -1085aa9 (base 13) in base 12?
-1844b27
What is -2000020201 (base 3) in base 5?
-2231142
What is -1822 (base 15) in base 2?
-1010001010111
-1101010000000011011 (base 2) to base 10
-434203
Convert 67071 (base 10) to base 2.
10000010111111111
What is -16d0b (base 15) in base 14?
-1cc83
What is 223330112 (base 4) in base 16?
2bf16
82198 (base 16) to base 10
532888
What is -8f937 (base 16) in base 8?
-2174467
35340100 (base 6) to base 7
12235524
Convert 2c8a57 (base 13) to base 9.
2063265
-15686576 (base 10) to base 2
-111011110101101110110000
Convert 1086474 (base 12) to base 9.
5850617
What is -1577b50 (base 15) in base 14?
-20d36b8
Convert -116a351 (base 11) to base 6.
-111333311
-221310203 (base 4) to base 14
-465d9
Convert -131301233 (base 4) to base 5.
-12400332
What is 11101110101111000 (base 2) in base 7?
1016235
-2c343 (base 16) to base 7
-1352604
Convert -2431402 (base 6) to base 4.
-133122122
1359d (base 16) to base 2
10011010110011101
What is 45e0ec (base 16) in base 8?
21360354
Convert -24931 (base 15) to base 7.
-664405
What is 21025045 (base 7) in base 14?
341725
What is 162054 (base 7) in base 6?
403510
What is 32943 (base 15) in base 12?
79009
-10320232 (base 7) to base 4
-3112210213
-92256 (base 10) to base 13
-32cb8
Convert -15247b8 (base 13) to base 2.
-11001110000000100110110
-3706058 (base 9) to base 5
-1003341333
20221233013 (base 4) to base 2
1000101001101111000111
-410bc (base 14) to base 15
-315d4
What is 3002201021 (base 4) in base 7?
6525605
Convert -193790 (base 14) to base 8.
-3320562
-33030100111 (base 4) to base 16
-3cc415
What is -6429267 (base 10) in base 7?
-105435135
What is -1866c2b (base 13) in base 8?
-36351226
What is 1034440 (base 6) in base 16?
c978
What is 100022210222 (base 3) in base 6?
3533512
-115794 (base 16) to base 9
-2122023
What is -c9a018 (base 13) in base 16?
-483e5c
Convert 10135442 (base 6) to base 4.
1013133302
What is -114bd (base 14) in base 16?
-a47f
What is -c883d (base 15) in base 16?
-9b5c6
What is 190a82 (base 11) in base 14?
79288
What is 2500221 (base 7) in base 14?
845b8
10230113 (base 7) to base 4
3103002203
df81 (base 16) to base 8
157601
-2b84aa (base 14) to base 15
-200a75
Convert 8bad44 (base 16) to base 3.
122020001201212
What is 21acb1 (base 15) in base 4?
12020011213
What is -46dca5 (base 14) in base 2?
-1001001110110011111001
What is -10244104010 (base 5) in base 6?
-1030101013
What is -198202 (base 10) in base 12?
-9684a
What is -132333130 (base 5) in base 11?
-4168a6
Convert -151680 (base 13) to base 9.
-867673
What is -966b85 (base 13) in base 12?
-1221909
21021003 (base 6) to base 14
11c0c3
What is 314643 (base 12) in base 2?
10111101001110010011
Convert 111011111001001110 (base 2) to base 16.
3be4e
-21222100122201 (base 3) to base 6
-230504244
Convert c065cb (base 15) to base 14.
12daa54
Convert -20338 (base 12) to base 4.
-22033130
-545390 (base 10) to base 12
-223752
-156631 (base 10) to base 5
-20003011
Convert 100011001011011 (base 2) to base 13.
8276
-ab0b (base 13) to base 8
-56440
What is 42163 (base 12) in base 5?
10232434
Convert -cd3b1 (base 14) to base 5.
-111404112
What is 21425a (base 13) in base 14?
164552
Convert -18361f (base 16) to base 14.
-2d4371
What is 2491968 (base 12) in base 11?
40491a6
Convert 43841a (base 13) to base 7.
16336014
-103394 (base 10) to base 13
-380a5
-300124040 (base 5) to base 13
-32281a
Convert -21100022202221 (base 3) to base 15.
-521971
What is 200200011021022 (base 3) in base 16?
976b11
2162504 (base 7) to base 12
10a932
1642133 (base 7) to base 16
37df6
2905767 (base 11) to base 12
1811738
What is 23232012 (base 6) in base 14?
14a408
What is 34910 (base 10) in base 15?
a525
-14255775 (base 8) to base 4
-30111233331
-11131152 (base 6) to base 16
-52a6c
16424650 (base 7) to base 4
12013121200
Convert 955bd0 (base 14) to base 9.
10444274
Convert 1010022202002 (base 3) to base 2.
10010001101110000000
What is -75516 (base 13) in base 16?
-33b40
Convert -1021442114 (base 5) to base 13.
-59c253
What is -31142422 (base 5) in base 15?
-50cac
103435422 (base 6) to base 7
21526352
Convert 400431502 (base 6) to base 8.
31607076
What is 2022010101102 (base 3) in base 2?
100101010100010011110
Convert -1520222 (base 6) to base 8.
-254226
What is -7436424 (base 10) in base 11?
-421a106
153849 (base 14) to base 3
1101120202212
Convert -54230035 (base 6) to base 9.
-3016625
What is 2503275 (base 9) in base 4?
11030022200
What is 10110001010111110000100 (base 2) in base 16?
58af84
-833 (base 10) to base 15
-3a8
What is 43a477 (base 14) in base 5?
1041413443
What is -1413455 (base 6) in base 13?
-2a48b
What is -1615a (base 11) in base 12?
-11251
What is 387696 (base 11) in base 2?
10010101000001111101
What is 6a9872 (base 13) in base 14?
49d97c
200596 (base 10) to base 5
22404341
What is 370484 (base 10) in base 9?
624178
Convert -1102103333 (base 4) to base 2.
-1010010010011111111
What is -1001973 (base 13) in base 14?
-8da605
What is -13066129 (base 10) in base 7?
-216026446
What is -af230 (base 16) in base 13?
-1c1697
What is 299a8 (base 14) in base 5?
11302230
Convert -122211122012 (base 3) to base 15.
-6e078
What is 175b9b (base 13) in base 11?
369a04
Convert -31013313 (base 6) to base 2.
-11011000111011001101
310222321 (base 5) to base 11
78a038
-1001011011111101011 (base 2) to base 7
-2425352
202402 (base 9) to base 15
257c2
349ac (base 13) to base 4
113132012
Convert 848420 (base 9) to base 6.
14453030
Convert -21113213112 (base 4) to base 10.
-2456022
What is 224ee (base 15) in base 10?
109124
What is 2745 (base 13) in base 11?
4262
What is 1111100100010011000 (base 2) in base 14?
d3c80
What is -17828cc (base 13) in base 16?
-74e2e6
What is 300a23a (base 13) in base 5?
12203042114
101010101110111110101 (base 2) to base 6
50002525
What is 68688 (base 9) in base 15?
d85e
What is -10111001000011101010100 (base 2) in base 3?
-102102002011222
Convert 11b92b (base 15) to base 7.
10134530
Convert 203130020 (base 5) to base 11.
519a46
-13313275 (base 8) to base 2
-1011011001011010111101
What is 20222102222210 (base 3) in base 2?
1110001001100011011010
Convert -33202230 (base 4) to base 9.
-106283
What is 12055253 (base 7) in base 6?
34554105
Convert 2120144 (base 5) to base 9.
53837
20ae5 (base 15) to base 9
167238
Convert -c22932 (base 14) to base 12.
-22336a8
Convert 1001111111011101000 (base 2) to base 8.
1177350
What is 13a4c7 (base 14) in base 16?
a65ff
271564 (base 9) to base 6
3312521
Convert 10233202203 (base 4) to base 16.
12f8a3
218ab7 (base 14) to base 8
4256731
60243 (base 8) to base 13
b350
Convert -742503 (base 11) to base 9.
-2212233
Convert 1002312142 (base 5) to base 4.
13212332300
Convert -14b52c (base 14) to base 5.
-141111232
What is 22110002022201 (base 3) in base 15?
5da2e7
Convert -6580806 (base 10) to base 15.
-89ed06
52332265 (base 7) to base 8
20650114
1001111010110000110 (base 2) to base 5
40344443
Convert -1ab9079 (base 12) to base 16.
-57401d
-32139 (base 15) to base 12
-77b60
-a542 (base 12) to base 9
-26675
1612b28 (base 13) to base 6
411541211
-8441c8 (base 14) to base 9
-8358354
Convert -48705 (base 12) to base 14.
-278c5
1000100011110010 (base 2) to base 16
88f2
242323443 (base 5) to base 10
1136123
-10041021 (base 5) to base 14
-21609
Convert 22010302000 (base 4) to base 7.
31306531
Convert -111101110111011000001 (base 2) to base 5.
-1004332301
Convert -53050112 (base 6) to base 2.
-101111001011110111100
What is 295294 (base 11) in base 6?
13513355
Convert -361157 (base 10) to base 7.
-3032636
15430030 (base 8) to base 12
1233160
What is 483287 (base 9) in base 5?
33303422
Convert 4660529 (base 10) to base 5.
2143114104
Convert 20021